a multiple of 7?
False
Is 63690 a multiple of 15?
True
Does 6 divide 591716?
False
Does 7 divide 31670?
False
Is 136398 a multiple of 254?
True
Is 33 a factor of 2187933?
True
Is 5069995 a multiple of 85?
True
Is 66 a factor of 227568?
True
Does 209 divide 30439?
False
Is 19 a factor of 2147950?
True
Is 3 a factor of 1967?
False
Is 52 a factor of 48880?
True
Is 59834 a multiple of 31?
False
Is 2 a factor of 18533?
False
Is 21050580 a multiple of 30?
True
Does 116 divide 507036?
True
Is 2451263 a multiple of 107?
True
Is 382 a factor of 61237?
False
Is 645 a factor of 4360845?
True
Does 14 divide 18969552?
True
Is 438 a factor of 642176?
False
Is 3 a factor of 809295?
True
Is 220 a factor of 531369?
False
Is 3244155 a multiple of 489?
False
Does 43 divide 110553?
True
Is 1544113 a multiple of 13?
False
Is 37 a factor of 2372033?
True
Is 4857543 a multiple of 27?
True
Does 61 divide 94563?
False
Is 41 a factor of 1769100?
False
Is 8138 a multiple of 39?
False
Is 58 a factor of 2099737?
False
Is 9333 a multiple of 183?
True
Does 11 divide 49412?
True
Is 33 a factor of 4156136?
False
Is 299299 a multiple of 77?
True
Is 17 a factor of 1046350?
True
Does 404 divide 1456052?
False
Is 12491 a multiple of 9?
False
Does 134 divide 75029?
False
Is 141908 a multiple of 258?
False
Is 108 a factor of 466344?
True
Does 516 divide 12079944?
False
Does 8 divide 291952?
True
Is 32 a factor of 337541?
False
Does 9 divide 5765493?
False
Does 16 divide 92944?
True
Is 134 a factor of 97570?
False
Is 206037 a multiple of 117?
True
Is 1411125 a multiple of 355?
True
Does 72 divide 463877?
False
Is 69 a factor of 856379?
False
Does 27 divide 81424?
False
Is 221935 a multiple of 21?
False
Is 3767415 a multiple of 45?
False
Does 869 divide 1107975?
True
Is 42 a factor of 44118?
False
Is 346647 a multiple of 85?
False
Is 123 a factor of 201843?
True
Does 34 divide 346698?
True
Is 225612 a multiple of 10?
False
Is 999 a factor of 2929151?
False
Does 624 divide 5477003?
False
Is 478269 a multiple of 11?
True
Does 64 divide 962432?
True
Is 926 a factor of 713095?
False
Is 1477417 a multiple of 3?
False
Is 412038 a multiple of 20?
False
Is 351536 a multiple of 5?
False
Is 103 a factor of 166989?
False
Does 77 divide 940324?
True
Is 9 a factor of 6431832?
True
Is 57172 a multiple of 52?
False
Is 7880049 a multiple of 12?
False
Does 14 divide 3077147?
False
Does 15 divide 116382?
False
Is 39 a factor of 82914?
True
Is 7249478 a multiple of 10?
False
Is 9 a factor of 774819?
True
Is 24 a factor of 197112?
True
Is 432 a factor of 188352?
True
Is 363 a factor of 768471?
True
Is 3869499 a multiple of 252?
False
Is 204 a factor of 2067997?
False
Is 8337310 a multiple of 10?
True
Does 317 divide 32648?
False
Is 440 a factor of 556600?
True
Is 356004 a multiple of 319?
True
Is 956040 a multiple of 20?
True
Is 2868647 a multiple of 61?
True
Is 18 a factor of 61566?
False
Is 22050 a multiple of 21?
True
Does 161 divide 262947?
False
Is 1737659 a multiple of 11?
True
Does 11 divide 356200?
False
Does 20 divide 19429?
False
Is 1308359 a multiple of 102?
False
Is 64 a factor of 102848?
True
Is 421498 a multiple of 49?
True
Does 300 divide 166334?
False
Is 28041 a multiple of 13?
True
Does 324 divide 213672?
False
Is 182 a factor of 95732?
True
Is 571520 a multiple of 32?
True
Is 99 a factor of 151272?
True
Is 298 a factor of 8586616?
False
Is 33975 a multiple of 42?
False
Is 16816 a multiple of 16?
True
Is 434118 a multiple of 13?
False
Is 62 a factor of 155868?
True
Is 5 a factor of 145685?
True
Does 264 divide 2890311?
False
Is 6131114 a multiple of 355?
False
Is 1287708 a multiple of 90?
False
Is 2037663 a multiple of 55?
False
Is 1114250 a multiple of 202?
False
Does 14 divide 225204?
True
Is 10911950 a multiple of 10?
True
Is 4239017 a multiple of 183?
False
Is 11 a factor of 13156?
True
Is 2095425 a multiple of 201?
True
Is 30940 a multiple of 2?
True
Is 129024 a multiple of 512?
True
Is 7 a factor of 93316?
False
Does 231 divide 10360507?
False
Is 21 a factor of 271318?
False
Does 10 divide 780177?
False
Is 49 a factor of 150087?
True
Is 785 a factor of 1227942?
False
Does 21 divide 67937?
False
Does 20 divide 142016?
False
Is 8 a factor of 383892?
False
Is 187776 a multiple of 96?
True
Does 270 divide 74675?
False
Does 23 divide 2400579?
True
Is 16 a factor of 707526?
False
Does 26 divide 210839?
False
Is 3168405 a multiple of 9?
True
Does 8 divide 241720?
True
Is 305 a factor of 3121980?
True
Does 409 divide 855628?
True
Is 323 a factor of 97223?
True
Is 995526 a multiple of 71?
False
Does 14 divide 6857466?
True
Is 500257 a multiple of 172?
False
Is 121960 a multiple of 6?
False
Is 192 a factor of 14405?
False
Is 237 a factor of 507838?
False
Is 579 a factor of 387137?
False
Is 7 a factor of 468795?
False
Is 38 a factor of 10878350?
False
Does 324 divide 3384180?
True
Does 156 divide 1479480?
False
Is 113345 a multiple of 53?
False
Is 125 a factor of 715125?
True
Does 44 divide 278388?
True
Does 17 divide 55845?
True
Does 131 divide 981321?
True
Is 5 a factor of 106155?
True
Is 45 a factor of 5736375?
True
Is 236583 a multiple of 271?
True
Is 798 a factor of 94794?
False
Does 424 divide 285789?
False
Is 166144 a multiple of 256?
True
Does 19 divide 101669?
True
Does 15 divide 200105?
False
Is 24090 a multiple of 22?
True
Is 2359320 a multiple of 100?
False
Is 367 a factor of 365794?
False
Is 168 a factor of 634949?
False
Does 162 divide 1244484?
True
Is 219 a factor of 37230?
True
Does 546 divide 1321866?
True
Is 17 a factor of 2428620?
True
Is 20088 a multiple of 62?
True
Is 7950 a multiple of 53?
True
Is 885168 a multiple of 683?
True
Is 27499 a multiple of 4?
False
Is 223948 a multiple of 505?
False
Does 3 divide 1873?
False
Is 387363 a multiple of 16?
False
Is 1001500 a multiple of 10?
True
Does 17 divide 11594?
True
Is 226 a factor of 20325469?
False
Is 3950 a multiple of 395?
True
Is 31640 a multiple of 35?
True
Does 18 divide 1460898?
True
Is 408 a factor of 3311685?
False
Does 18 divide 411858?
True
Is 160760 a multiple of 20?
True
Is 157 a factor of 5321986?
True
Is 4415557 a multiple of 159?
False
Is 119 a factor of 31086?
False
Is 8 a factor of 1630072?
True
Does 219 divide 4115448?
True
Does 54 divide 32076?
True
Is 38 a factor of 15276?
True
Does 102 divide 856765?
False
Is 522394 a multiple of 4?
False
Is 3 a factor of 33322?
False
Is 35328 a multiple of 138?
True
Is 172 a factor of 1863198?
False
Is 2 a factor of 86127?
False
Does 26 divide 1109?
False
Does 14 divide 269758?
False
Does 297 divide 5800415?
False
Is 3041828 a multiple of 3?
False
Is 13877181 a multiple of 604?
False
Is 473 a factor of 1515965?
True
Does 1561 divide 17759497?
True
Is 918315 a multiple of 45?
True
Is 52 a factor of 544544?
True
Is 36 a factor of 118818?
False
Does 3 divide 14523?
True
Is 41556 a multiple of 12?
True
Is 1849057 a multiple of 440?
False
Is 54074 a multiple of 37?
False
Does 157 divide 225529?
False
Is 809915 a multiple of 9?
False
Is 368149 a multiple of 277?
False
Is 68 a factor of 251059?
False
Is 1014 a factor of 1504776?
True
Is 561250 a multiple of 16?
False
Does 12 divide 341232?
True
Is 447 a factor of 199040?
False
Does 1096 divide 3309920?
True
Does 12 divide 795384?
True
Is 99655 a multiple of 10?
False
Is 742 a factor of 244470?
False
Is 14 a factor of 3031023?
False
Is 135935 a multiple of 9?
False
Is 48 a factor of 2279808?
True
Is 37 a factor of 198741?
False
Is 864336 a multiple of 3?
True
Is 14358 a multiple of 4?
False
Is 27 a factor of 56273?
False
Does 416 divide 157380?
False
Does 27 divide 108621?
True
Is 6978879 a multiple of 261?
True
Is 4312452 a multiple of 158?
True
Is 10 a factor of 51702?
False
Does 46 divide 21124893?
False
Is 12 a factor of 754380?
True
Is 405 a factor of 8124705?
True
Does 388 divide 1894467?
False
Does 1089 divide 7976020?
False
Does 77 divide 8130661?
True
Is 1244562 a multiple of 66?
True
Is 1120 even?
True
Does 10 divide 129783?
False
Is 3563712 a multiple of 18?
True
Is 987348 a multiple of 14?
False
Does 233 divide 131412?
True
Is 8907264 a multiple of 64?
True
Is 1025485 a multiple of 405?
False
Is 13 a factor of 777792?
False
Does 397 divide 499029?
True
Is 15 a factor of 25860?
True
Does 15 divide 83962?
Fals